55. Suppose 1238 = 3*h - v*f - 255, 2*f - 1986 = -4*h. Is h a prime number?
False
Suppose -5*p = 5*u - 129330, 2*u - 77596 = -u - 5*p. Is u prime?
True
Suppose 10*s + 9917 = 134887. Is s a prime number?
True
Suppose -2*o - 15234 = -5*n - 3*o, 0 = 3*n - 3*o - 9144. Is n composite?
True
Suppose -9 = -l - 4*b, 3*l - 4*b - 16 = -l. Suppose i = -0*i + 5, -l*m = 4*i - 35. Is 981/(-6)*(-2)/m a prime number?
True
Let d(n) = -2*n. Let z be d(-7). Suppose -z = h + 4. Is (1 - h/(-4))*-58 prime?
False
Suppose -5*k = -0*k + 2*d - 15, 5 = -d. Let r(x) be the third derivative of x**6/120 + 7*x**5/60 - x**4/6 + 7*x**3/6 - 2*x**2. Is r(k) prime?
False
Let x be (-63)/(-7) - 2*2. Suppose -v - 2*p = p - 2714, -2754 = -v + x*p. Is v composite?
False
Suppose 3*h = 4*y - 2*y + 322, -3*h = 5*y + 826. Let z = -48 - -93. Let l = z - y. Is l a composite number?
True
Let b(x) be the third derivative of -x**6/60 + x**5/15 + 5*x**4/24 + x**3/2 - 16*x**2. Is b(-8) a prime number?
False
Let o be ((-4)/(-6))/(3 - 404/132). Is ((-1)/2)/(o/16566) prime?
False
Let v(a) = 1 + 3 + 4*a - 10 + 118*a**2 + 3. Is v(1) prime?
False
Suppose -11*k + 805 = -834. Is k composite?
False
Let h(s) = -6*s - 4. Let t be h(3). Suppose 0 = 3*a - 3*n + 363, 2*a - 3*n = -14 - 223. Is (t/(-6))/((-6)/a) prime?
False
Is (-17)/((8/(-8594))/4) a prime number?
False
Let a(f) = 2*f**3 - 16*f**2 - 20*f - 65. Is a(16) a prime number?
False
Let w(z) = -550*z - 71. Is w(-7) composite?
False
Let d(r) = 3*r**3 - 17*r**2 - 58*r + 83. Is d(17) prime?
True
Let b(w) = 36*w**2 + 3*w - 2. Suppose -7*c = -10*c + 3. Is b(c) prime?
True
Suppose 0 = 2*c - 332 - 224. Is (-20 - -16) + c*1 prime?
False
Let x(r) be the second derivative of 19*r**4/6 + 4*r**3/3 - r**2 - 3*r. Let d be x(6). Suppose 2*t - d = -0*t. Is t composite?
True
Suppose 0 = -8*b - 474 + 6578. Suppose 42*n + b = 43*n. Is n a prime number?
False
Let q(x) = -2286*x**2 + 2*x - 2. Let c(v) = v**2 - 10*v - 10. Let u be c(11). Let o be q(u). Let n = -1153 - o. Is n a prime number?
False
Let f = 23 - 21. Let k(n) = -57*n - f + n - 11*n. Is k(-1) composite?
True
Suppose 49125 = 11*n + 11560. Is n composite?
True
Let c(y) = -221*y - 33. Is c(-8) composite?
True
Suppose -2*w + 10814 = 4*d, 0*d = -d. Is w composite?
False
Suppose -3*o + 5*f + 29 - 4 = 0, 5*o - 29 = 2*f. Suppose 0 = -o*g - 718 + 2183. Is g composite?
False
Let r be -4 + 1 + 6 - -1715. Let j = -645 + r. Is j prime?
False
Suppose 12*k - 3266 = 10*k. Is k a prime number?
False
Is 422853/30 + (-7)/70 a composite number?
True
Suppose -4*h + 3 + 45 = 0. Suppose 0 = -4*c + h, 3*v - 3873 = -4*c - 780. Is v composite?
True
Let b(a) = 18448*a - 1261. Is b(8) a composite number?
False
Is 12339 - (3 + 2/(-2))*2 a prime number?
False
Suppose -8*a = -13*a. Let k(r) = 612*r**2 + r + 1. Let i be k(-1). Suppose a = 4*j + q - 467 - 157, 0 = 4*j + 4*q - i. Is j prime?
True
Let k = 86141 + -51822. Is k a composite number?
False
Let z be (-7467)/(-9) - 2/(-6). Let l = 1899 - z. Is l composite?
False
Suppose -2*k = -138 - 120. Let h(z) = k - z - 3 + 41 - 28. Is h(0) prime?
True
Let f = 0 + 3. Suppose 2*w - f*d = -w + 24, -34 = -5*w + 3*d. Suppose -759 = -w*k + 731. Is k a composite number?
True
Suppose -3*a + p - 2516 = -a, 0 = -5*p + 10. Let h = -2418 - a. Let f = -824 - h. Is f a prime number?
True
Suppose -12 = 3*f - 5*f. Is 3394/f + (-5 - 13/(-3)) prime?
False
Let u = 7487 + -4463. Suppose -9*s + 14886 - u = 0. Is s a composite number?
True
Let f = 28 + -26. Let y be 38/(-5) + f/(-5). Let z = y - -55. Is z a composite number?
False
Let l be (-9)/6*80/(-15). Suppose 6654 = l*q - 2554. Is q a composite number?
False
Let h(t) = 3*t**3 - 19*t**2 + 24*t + 17. Is h(24) prime?
True
Suppose 0 = 5*l - 148 - 317. Is ((-13)/(-3))/(1/l) a prime number?
False
Suppose -17 = -4*r + 5*b + 3, 2*r = 2*b + 8. Suppose r = -p - 1 + 6. Suppose -p*y + 113 = -72. Is y a prime number?
True
Let l(n) = -2*n + 30. Let k be l(14). Suppose 0 = -k*j + 609 + 1129. Is j a prime number?
False
Suppose 23*l - 32*l = 2232. Suppose -107 - 143 = -2*m. Let a = m - l. Is a a composite number?
False
Suppose -2*i + 1256 = 2*i. Suppose 2*l - 2*x = 214, 3*l + x = -3*x + i. Is l prime?
False
Suppose -5*f + 21*t - 25*t = -38019, 2*f - 2*t = 15222. Is f a prime number?
True
Is 4/14 + 1682150/70 a prime number?
False
Let w = 305 - 138. Suppose -3*u + 3*g = -w - 391, -u + 201 = 2*g. Is u a prime number?
True
Let y(b) = 28*b**2 + 35*b + 92. Is y(17) a prime number?
True
Suppose -11 = -3*i - 2. Suppose 0 = -v + i*u - 2*u + 30, 0 = -2*v - 5*u + 67. Is v a prime number?
True
Let v = -1950 - -848. Is 3 + 0 - (18 + v) a prime number?
True
Let u(v) = 11*v**2 + v + 1. Let z(g) = -22*g**2 - 3*g - 2. Let x(o) = 13*u(o) + 6*z(o). Is x(-3) a composite number?
True
Let b be (0 - 46)*(1 + -2). Suppose -2 = 2*j - 12, -5*h - 70 = -5*j. Let p = b - h. Is p composite?
True
Let o be (1 - 5)/(5 + -7). Suppose f + 3986 + 319 = 4*l, -5391 = -5*l - o*f. Is l a prime number?
False
Let y(o) = 272*o - 3. Let p be y(1). Let a = 472 - p. Is a a composite number?
True
Let a = 8 + -5. Let x(g) = -2*g**2 + g + 3*g - 1 - 6 + a*g**2. Is x(-8) composite?
True
Suppose z + p = 1046, -z = -5*z + p + 4159. Is z/(2 + 3/(-6)) a prime number?
False
Let l = 4165 + -1986. Is l a composite number?
False
Suppose -3*c + c - 10 = 0. Let m(l) = -206*l + 8. Let t be m(c). Let p = t - 545. Is p composite?
True
Let o be 1022 - 3 - (-3 - 0). Suppose a + o = -j, -497 = -3*a - 4*j - 3560. Let x = -390 - a. Is x a prime number?
False
Suppose 716 + 409 = 5*u. Suppose 0*d - u = -3*d. Let y = 162 - d. Is y composite?
True
Is (47438/(-10))/(-5*16/400) a prime number?
True
Let s be 446/(-4 + 2 - -3). Is s/5 - (-3)/(-15) a prime number?
True
Let o(k) = -k**2 + 10*k - 7. Let v be o(7). Suppose 4*q = -3*b - 2*b - v, 0 = 2*b + 3*q + 7. Is (-37)/b*(-1 + 3) a prime number?
True
Suppose g - 1204 = 375. Is g prime?
True
Suppose 3*j - 18056 - 16590 = -4*q, 3*q + 4*j = 25981. Is q a prime number?
True
Suppose 4*a - 3*a = -2*l - 72, -2*a + l = 164. Is (254/(-4))/(8/a) prime?
False
Suppose -5 - 22 = -3*k. Is (-56)/k + 6 + (-2866)/(-18) a prime number?
False
Let l(u) = 3*u. Let z be l(1). Suppose 5*d = z*d + 2106. Suppose -4*f = h - d, f - 2*h + 791 = 4*f. Is f a prime number?
True
Suppose -111645 = -45*z + 213120. Is z a prime number?
False
Suppose -4*a + 3*a - 3*q + 4 = 0, 5*a + 2*q - 33 = 0. Suppose -a*v - 2*v + 5085 = 0. Is v composite?
True
Let c(a) = -121*a + 30. Is c(-7) a composite number?
False
Let x(y) = -2*y**2 + 13*y + 8. Let l be x(7). Is (-59 - (-1 + l))/(-1) a composite number?
False
Let c(f) = f**2 - 15*f + 16. Let i be c(13). Let d = 13 + i. Let g(n) = 73*n + 4. Is g(d) a prime number?
True
Suppose 4*i = -19046 + 143298. Is i prime?
True
Let q = 73 - 75. Is (-1)/q + 4 + 1289/2 prime?
False
Let k(a) = 214*a + 1. Let y(m) = -m. Let x(t) = k(t) + 4*y(t). Let r be x(1). Suppose 0*q = 5*q + v - 568, r = 2*q - 5*v. Is q a prime number?
True
Let r = -7 + 19. Suppose -r*a + 7*a + 1595 = 0. Is a prime?
False
Let p = 67 - 7. Let q = p - -695. Is q prime?
False
Suppose 702 = 5*l + 2757. Let j = 56 - l. Is j composite?
False
Suppose -10*j - 13*j + 23897 = 0. Is j a composite number?
False
Let g(r) = -r**2 + r + 12. Let c be g(0). Let q(u) = 1 + 1 + c*u + u**3 + 1 - 10*u**2 - 5. Is q(10) composite?
True
Let z be (3485/(-10))/1*-6. Suppose 0 = 2*m - 5*l - z, -5*m - 3*l = -4091 - 1121. Is m prime?
False
Let b(s) = -s**3 + 13*s**2 - 8*s + 1. Suppose -2*d = -5*y + 32, 4*d - 21 + 5 = 0. Is b(y) a composite number?
False
Suppose 4*x - 4 = -3*g, 4*x = 2*g + x - 14. Suppose 3*c + c = -g, 4199 = 3*w - 5*c. Suppose -3*a + 0*a - 568 = -2*q, -5*q + w = -2*a. Is q composite?
True
Let h(o) = o**3 + 85*o**2 - 175*o + 127. Is h(-86) a composite number?
True
Suppose -352481 = -40*h + 474039. Is h composite?
False
Suppose -33 = -5*y + 2*s, 2*y - s - 12 = 2. Suppose 2*c - 31 + 1 = 5*h, 0 = 3*c + y*h + 5. Suppose -2*o + 5*l + 787 = o, 0 = -c*o - 3*l + 1289. Is o prime?
False
Let r(a) = -667*a - 116. Let k(n) be the third derivative of -29*n**4/24 - 5*n**3/6 - 3*n**2. Let f(p) = 116*k(p) - 5*r(p). Is f(-5) prime?
False
Let x be (-3170)/18 + 1/9. Is (-2)/(-11) - 23024/x composite?
False
Suppose 2*z - 6 = -0. Suppose 2*p = z*j - 4*j + 40, -3*p = -j + 60.